).
-18
Suppose -3*p = -0*p + 3. Let q be ((-1)/p - -2) + -1. Suppose -2*a = 6 + q. Let d(l) = -l**3 - 5*l**2 - 4*l. Give d(a).
0
Let r(s) = -13*s - 1. Let c = -8 + 12. Suppose -c = -y - 5. What is r(y)?
12
Let o(y) = -y**2 - 5*y + 7. Suppose 4*q + 3*h - 36 = -2*h, -24 = -4*q - 2*h. Let r(s) = -2*s**3 + 6*s**2 + 7*s - 2. Let m be r(q). Determine o(m).
1
Let q(g) = -g**2 - g - 62737 - g**3 + 62738 + 0*g**2. Give q(-3).
22
Let i(c) = -c - 2. Let t(z) = -1. Let u(y) = 3*i(y) - 4*t(y). Suppose -4*v + 1 = -5*n, -5*v = 2*n - 5 - 21. Suppose -7*o = -n*o + 8. Give u(o).
4
Suppose 0 = -f - 5 + 1. Let k(u) = -u - 4. Let i be k(f). Let d(a) = -a - 7. Determine d(i).
-7
Suppose -3*t = -2 - 4. Let h(c) = -11*c**2 + 18*c**t - 6*c**2. What is h(0)?
0
Suppose -4 = -o + 1. Let i(x) = x**2 + x - 2 - o*x + 1 + 2. Calculate i(4).
1
Let f(p) be the third derivative of -p**6/120 - p**5/120 - 5*p**4/24 + 3*p**2. Let k(u) be the second derivative of f(u). Let z = 64 + -63. Give k(z).
-7
Suppose 0*j - 3 = -j. Let t(z) = z - z**j + 2*z**3 + 4 - 4*z + 2*z - 4*z**2. Calculate t(4).
0
Let w(i) = -i**3 - 22*i**2 + 2 + 5*i + 8*i**2 + 13*i**2. Let k be w(-3). Let t(s) = 0*s**3 - 2 - 5*s**2 + s**3 - 1 - 6*s + k. What is t(6)?
2
Let v(s) be the third derivative of s**5/12 - 5*s**4/12 + s**3/6 - 22*s**2. Let w(x) = -4*x**2 + 10*x - 2. Let c(l) = -3*v(l) - 4*w(l). What is c(8)?
-11
Let n(m) be the second derivative of m**5/20 - 2*m**4/3 + 7*m**3/6 - 9*m**2/2 - 94*m. Calculate n(7).
-9
Let z(c) be the first derivative of -c**3/3 + c**2 - 2*c - 3. Suppose 2*x = 8*w - 9*w + 7, 5*w = 15. Determine z(x).
-2
Let b(d) = -d**2 - 4*d + 2. Let v = 26 - -79. Let y = -111 + v. What is b(y)?
-10
Let i(l) = l**3 - 10*l**2 + 17*l - 9. Let m be (-324)/(-45) + 8/10. Determine i(m).
-1
Let u be (486/(-648))/((-1)/(-8)). Let q(k) be the second derivative of -k**3/6 - k**2/2 - k. Calculate q(u).
5
Suppose 10*h = -0*h + 20. Let f(u) = 0 + h + 12 - 6*u - 11. Determine f(2).
-9
Suppose 2*x - 10*m = -15*m - 75, 0 = -5*x - 5*m - 150. Let i(d) = -4*d - 106. Give i(x).
-6
Let p(r) = r + 2. Suppose 5*x + 129 - 27 = 3*z, -4*x - 87 = 3*z. Let d be 98/x + 6/9. What is p(d)?
-2
Let y(q) = -q - 14. Let z(h) = -3*h**2 + 5*h - 7. Let b be z(3). Let s be y(b). Let f(d) = -d**2 + 5*d - 4. Calculate f(s).
-4
Let y(a) = 6*a**3 + 1. Let g = -5 - -11. Let p be 2 + g/(-4 + 3). Let o be -2 + (1 - (-4 - p)). Calculate y(o).
-5
Let s = -548 - -932. Let d be s/(-20) - (-2)/10. Let g = d - -21. Let o(x) = -x**3 + 4*x**2 - 4*x + 2. Determine o(g).
2
Suppose -5*t = f + 5 - 2, 19 = -3*f - 5*t. Let h(x) = -15*x - 35. Suppose -9*w + 10*w + 22 = 0. Let s(z) = 4*z + 9. Let b(g) = w*s(g) - 6*h(g). Determine b(f).
-4
Let o(r) = -r + 2. Let b(f) be the first derivative of -f**4/4 + f**3 + 4*f + 2. Let w be b(3). What is o(w)?
-2
Let r(a) be the second derivative of a**4/12 - 5*a**3/6 + 2*a**2 - 7*a. Give r(5).
4
Let p(h) = -343 + 353 + 3*h + 9*h. Determine p(-2).
-14
Let v(b) = -2*b**3 - 2*b**2 + b + 2. Suppose 58*s = 3 - 119. Give v(s).
8
Let x be (5/(-20))/(2/12)*-4. Let p(j) = 10*j + 12. Let u(t) = -9*t - 11. Let f = -15 + 22. Let r(v) = f*u(v) + x*p(v). What is r(-4)?
7
Let f(m) = -m**3 + 2*m**2 + 2*m - 4. Suppose -58*g + 13*g + 135 = 0. Determine f(g).
-7
Let a(x) = 3*x**2 + 2*x + 7. Let t(m) = 5*m**2 + 3*m + 11. Let f(s) = -8*a(s) + 5*t(s). Let z(p) = p**3 + 33*p**2 + 61*p - 29. Let o be z(-31). What is f(o)?
1
Let b(p) = p**3 + 5*p**2 - 4*p + 3. Suppose 2*d + 4*n - 18 = 7*d, 0 = -5*d - 5*n - 45. Give b(d).
-9
Let r = -67 - -93. Let c(m) = -r - 26 + 53 - 8*m. Let k = 0 + -1. Calculate c(k).
9
Suppose 0 = 10*k - 103 + 123. Let a(n) = 2*n - 5. What is a(k)?
-9
Let z(x) be the third derivative of -x**6/120 + 2*x**5/15 - x**4/3 - 3*x**3/2 + 2*x**2 + 17. Let t = -8 - -15. Calculate z(t).
-16
Suppose -5*s + 128 = 2*q, -5*s - 3*q = -30 - 102. Suppose 3*o = 7*o + s. Let x(f) be the third derivative of f**4/24 + f**3/2 - 4*f**2. Determine x(o).
-3
Let l(d) be the third derivative of d**4/6 + d**3/6 - 13*d**2. Suppose 3*u + 20 = 4*h, 8*h - 12 = 6*h + 2*u. Determine l(h).
9
Suppose 0 = -l - 4, -4*u = -10*l + 5*l - 52. Let a(o) = 4 - u*o - o**2 + 3*o + 0*o. Determine a(-6).
-2
Let f(z) = -z**3 - 16*z**2 + z + 16. Let r be f(-16). Suppose -5*h - h - 18 = r. Let g(m) = -3*m - 3. What is g(h)?
6
Let w(b) = -13*b**2. Let n(c) = 4*c**3 - 45*c**2 + 9*c + 21. Let j be n(11). Calculate w(j).
-13
Let t(j) be the second derivative of 7/2*j**2 - 4/3*j**3 + 0 + 2/3*j**4 + 15*j - 1/20*j**5. Calculate t(7).
0
Let g(j) be the third derivative of 0 - 9*j**2 + 0*j + 5/24*j**4 + 7/6*j**3 + 1/120*j**5. Let b(w) be the first derivative of g(w). What is b(5)?
10
Let y(g) = g**2 - 17*g - 486. Let r be y(-15). Let n(t) be the third derivative of -t**4/24 - t**3 + t**2. Give n(r).
0
Suppose 0*r - 5 = -r. Let x be 2 - 4*3/18*-3. Let i(b) = 2*b**2 + x*b**2 - 5*b**2 + 3*b - 11*b + 4. What is i(r)?
-11
Let s be 41/7 + 0 - (-8)/56. Suppose s*l = -17 - 13. Let o(q) = q**2 + 5*q + 6. Determine o(l).
6
Let w(c) = c + 1. Suppose -58 = 5*n - 48. Let x be 40/n*4/10. Give w(x).
-7
Let p(d) = -d**2 + 4*d - 2. Let o be (-2)/(-5) - (657/(-15))/3. Let h be 3/o + (-27)/(-15). Give p(h).
2
Suppose 0 = 7*p - 5*p - 4. Let w(n) = 5*n**2 + 4 - 6*n**p - 6*n - 4. Let x(r) = r**3 - 12*r**2 - 29*r + 8. Let j be x(14). What is w(j)?
0
Let i(w) = 4*w**2 + 2*w + 1. Let f = -1 - -6. Suppose -f*d = -7*d + 6. Suppose 4*x - 5*x = 4*p - d, x - 2 = -3*p. Calculate i(x).
3
Let h = 14 + -11. Suppose a + h*a + 48 = 0. Let j = 10 + a. Let u(w) = 5*w + 2. What is u(j)?
-8
Let v(c) = c**2 - 7*c + 7. Suppose 5*u - 2*l - 46 = 0, u + 3 - 2 = -3*l. Calculate v(u).
15
Suppose -7*b = b - 40. Let c(q) = b + 42*q - 21*q - 23*q - q**2. Calculate c(4).
-19
Let u be (-10)/4*2/(-5). Let h(s) = s. Let d(v) = -v - 1. Let l(k) = u*d(k) + 2*h(k). Calculate l(-7).
-8
Let g be (-32)/12*(-3)/2. Suppose 8 = -2*w - a + g, 5*w = -4*a - 7. Let x(v) = -5*v - 2. Let m(o) = -14*o - 5. Let k(c) = 6*m(c) - 17*x(c). Determine k(w).
1
Suppose 10 = -4*l + 2. Let m(y) = 1 - 1 + y + 2 - 2*y**2 - y**3. Calculate m(l).
0
Suppose 1608 = 3*l + 1617. Let t(q) = q**3 + 2*q**2 + 2*q + 2. What is t(l)?
-13
Let h(b) = 5*b**2 + 10*b + 15*b - 16*b - 10*b. Calculate h(1).
4
Let n(o) = -o**3 + 6*o**2 - 7*o + 7. Let b = 48 - 74. Let j be 1*(b - 0) + -2. Let z = j + 33. What is n(z)?
-3
Let o(f) = f**3 - 6*f**2 + 2*f. Let z = 138 - 68. Let k = -66 + z. Give o(k).
-24
Let q(z) = 212*z + 2758. Let s be q(-13). Let n be 3*2*2/6. Let r(x) = -4*x**2 + 5*x**n - 2 + 3 - x**3. Calculate r(s).
-3
Let b(j) = -6*j - 42. Let w(p) = -5*p - 35. Let m(r) = -4*b(r) + 5*w(r). Determine m(-5).
-2
Suppose -40 = -5*q + 10. Suppose 0 = w - 3*w + q. Let m(d) = -51*d**2 + 57*d**2 - d**3 + w*d + 2*d**3. What is m(-4)?
12
Let p(f) = -3*f - 25. Let s be p(-12). Let i(o) = o**2 - 7*o + 8. Let w be i(6). Let b(z) = -5*z - 2 - z**w - 8*z - 4*z + s*z. Calculate b(-4).
6
Let f(c) = c**3 + 15*c**2 + 31*c - 55. Let r be f(-12). Let o(i) = 2*i**2 - 4*i - 3. Calculate o(r).
27
Let d(y) = -2*y - 5. Let j = -400 - -397. What is d(j)?
1
Let b(z) = -7 - 4 + 0*z**3 + z**2 + 8*z**3 - 9*z**3 - 1. Give b(0).
-12
Suppose 0*z = -3*z + 21. Let s(w) be the third derivative of -w**5/60 + w**4/3 - 3*w**3/2 - 29*w**2 + 2. Calculate s(z).
-2
Let u(d) = d**3 + d**2 + d. Suppose 0 = 53*b - 35*b. What is u(b)?
0
Let i(j) = -j**3 - 25*j**2 - j - 25. Suppose 19*x + 487 = 12. Determine i(x).
0
Let d(a) = -a**3 + 15*a**2 + 14*a + 21. Suppose 391 - 359 = 2*z. Determine d(z).
-11
Let u(l) = 3*l + 92. Let g be u(-31). Let i(d) = -3*d**3 - d**2 + 1. What is i(g)?
3
Let j = 118 + -118. Let y(s) = s**2 - 13. Calculate y(j).
-13
Let m(c) = -c**3 + 6*c**2 - 2. Let b be m(6). Let v(r) = r. Let x(o) = -o**2 + 5*o + 2. Let d(p) = 3*v(p) - x(p). Give d(b).
6
Let a(w) = w**3 - 7*w**2 + 8*w - 12. Suppose 85*n = 86*n - 6. Determine a(n).
0
Let g(w) = 1 - 25*w + 21*w - 1. Let y(p) = -5*p - 2. Let b be y(-3). Let j = -11 + b. Determine g(j).
-8
Let r(t) be the second derivative of -t**4/12 - t**3/6 + 5*t**2/2 - t. Suppose 2*c + 14 - 2 = -2*w, 4*w - 12 = 5*c. Determine r(c).
-7
Let h be 3/(-7) - 136/(-56). Let j(z) = h + 2*z**2 + 0 - 3*z**2 + 19*z - 18*z. Give j(0).
2
Let g(c) = -4*c**3 + c**2 - 5. Let m(h) = -h**3 - 1. L